se 3*t + 7*t = 1440. Calculate the remainder when t is divided by (-117)/(-91) + -1 - 348/(-7).
44
Let a(h) = 6*h**2 - 69*h + 160. Let b be (-4)/10 + (-137)/(-5). Calculate the remainder when (-2)/9 - (-1329)/b is divided by a(9).
24
Calculate the remainder when 68/8 + 1793274/84 is divided by 31.
29
Let d = 12 - 1. Let n = -22 + 30. Let p(u) = -2*u**3 + 15*u**2 + 9*u + 11. Calculate the remainder when p(n) is divided by d.
8
Suppose -3*h - 25 = 4*n, h = 3*n + n + 13. Let a = n - -15. Suppose 38*t - 702 = 25*t. What is the remainder when t is divided by a?
10
Let s(f) = 2*f**3 - 7*f**2 - f - 9. Let w be s(4). Let j(z) = 43*z - 17. What is the remainder when j(w) is divided by 13?
8
Let x(q) = -2*q + 1. Let s = -82 + 110. Calculate the remainder when (518/s)/((-3)/(-2) + -1) is divided by x(-5).
4
Suppose 5*o - 232 = -102*j + 98*j, -o + j = -50. What is the remainder when 333 is divided by o?
45
Suppose -261 = b + 69. Let r = b + 363. What is the remainder when 328 is divided by r?
31
Let g be (-2)/((-13)/6 + 2) - 4. Suppose g = 5*o - 212. Suppose 0 = -2*x - 4*u + 26, u + 31 = 2*x - 0*x. What is the remainder when o is divided by x?
14
Let y(n) = -14*n + 6*n - 9 + 3*n. Let f be y(-10). Let b = -34 + f. Calculate the remainder when 19 is divided by b.
5
Let s be (4 - 11 - -255) + 1. Suppose 27*o - 1140 + s = 0. Suppose 0 = 5*w - 14 - 16. What is the remainder when o is divided by w?
3
Suppose 0 = 48*h - 5403 + 1227. Calculate the remainder when 1390 is divided by h.
85
Suppose -539*s = -294348 - 34442. Calculate the remainder when s is divided by 158.
136
Let f be 2/4*10/1. Suppose 3*p - 5 = 2*p, f*p - 28 = -w. Suppose -t + w*h = -35 - 5, 5*h - 69 = -2*t. What is the remainder when t is divided by 21?
16
Let r(g) = g**3 - 20*g**2 + 17*g + 43. Let w be r(19). Suppose -w*b - 1 = -26. Suppose -16 + 166 = b*q. What is the remainder when 87 is divided by q?
27
Suppose 0*b = -3*b + 30. Let i(z) = z + 46. Let o be i(0). Let s = o - b. Calculate the remainder when s is divided by 13.
10
Let w = 99 + -92. Suppose -w*x = -5*x - x. Let h(l) = -l + 121. Calculate the remainder when h(x) is divided by 31.
28
Suppose 2 = 2*u - 76. Suppose -4*q + 700 = 2*l, -6*l + 833 = -235*q + 240*q. Calculate the remainder when q is divided by u.
25
Let w(j) = j - 20. Let f be w(14). Let d(y) = 5*y**2 + 5. Suppose 29*k + 505 - 1868 = 0. What is the remainder when d(f) is divided by k?
44
Let c = -778 - -677. Let q = -88 - c. Calculate the remainder when 154 is divided by q.
11
Let t = -13 + 47. Let l(g) be the second derivative of g**4/2 + g**3/3 - 7*g**2/2 + 7*g + 3. Calculate the remainder when l(-5) is divided by t.
31
Suppose -5*n = 3*x - 92, 4*x + 64 = n + 4*n. Suppose 2*k - 126 = 5*w, -450*k + 448*k - 2*w = -98. Calculate the remainder when k is divided by n.
5
Suppose 105*t = 102*t. Suppose -7*l + 146 + 645 = t. What is the remainder when l is divided by 30?
23
Suppose -240 = 3*x - 27*x. Let l(g) = 4*g**2 + 54*g - 26. Calculate the remainder when l(-18) is divided by x.
8
Let c = 74029 + -34457. What is the remainder when c is divided by 25?
22
Let q be ((-4)/(-2))/(-6) + (-915)/(-45). Suppose -15*d + 19*d - 4*a = q, -3*d = 4*a - 50. Calculate the remainder when d is divided by 2.
0
What is the remainder when 129 is divided by (20/50*38)/(-3 + 235/75)?
15
Let x = 1706 - 1006. Calculate the remainder when x is divided by 151.
96
Suppose 0 = w + 4*s - 106 - 28, 4*w + 5*s - 503 = 0. Suppose 6*b - 3*z = b + w, 0 = z - 1. Calculate the remainder when 96 + (1 - 1)/(-1) is divided by b.
21
Let i = 1016 - 982. Let b(q) = 4 + 6 - 3 - 2*q. Calculate the remainder when i is divided by b(-6).
15
Let a(l) = -2*l**3 - 42*l**2 - 27*l - 36. Let w be a(-21). Suppose -w = -6*y - 141. What is the remainder when 128 is divided by y?
63
Calculate the remainder when 3 - (5 + (-72)/27)*-33 is divided by 47.
33
Let a = -2626 + 2648. What is the remainder when a is divided by 13?
9
Suppose u + 4*u - 155 = 0. Suppose -116 = -68*a + 64*a. Suppose 0 = -4*n - 4*v + 8, 7*n = 11*n - 3*v - a. What is the remainder when u is divided by n?
1
Suppose 4*h + 28 = 3*w, 26 = -2*w - h + 30. Suppose -3*b + 220 = w. What is the remainder when b is divided by 15?
12
Let j(k) = 31*k + 307. What is the remainder when 387 is divided by j(-9)?
23
Suppose -19*y + 224 = -21*y. Let a = y - -114. Suppose -2*b - 335 = -3*c, -a*c + 5*c = 5*b + 338. Calculate the remainder when c is divided by 19.
16
Let x(y) = 44*y**2 - 45*y + 92. Let d(j) = -14*j**2 + 15*j - 31. Let n(g) = -7*d(g) - 2*x(g). What is the remainder when n(3) is divided by 20?
18
Let m = 6669 - 6224. Calculate the remainder when m is divided by 41.
35
Suppose -5*k = l - 4*k - 58, -l + 4*k + 58 = 0. Suppose l + 316 = 17*c. What is the remainder when 29 is divided by c?
7
Let z(t) = t**3 + 7*t**2 - 8*t - 9. Let r(m) = 9*m - 50. Let o be r(6). What is the remainder when z(o) is divided by 35?
30
Suppose w = 3*t - 6, 3*t - t - 21 = -5*w. Suppose -d + 3*d + 5*l = 149, 0 = w*d + l - 204. Suppose g - 2*g = -d. What is the remainder when g is divided by 35?
32
Let v(u) = -u**2 + 11*u - 11. Let g = 111 + -107. Suppose -5*k + 27 = -i, 0*i - g*i = -k + 13. What is the remainder when v(9) is divided by k?
2
Suppose -8*z + 12624 - 12368 = 0. What is the remainder when 508 is divided by z?
28
Let k = 7 - 11. What is the remainder when -1*1 - (-87 - -43) is divided by 96/(-4)*2/k?
7
Suppose 2*l - 28 = -2*l. Suppose 4*b = b - 15. Calculate the remainder when 1/b + ((-2988)/15)/(-6) is divided by l.
5
Suppose -214 + 211 = -k. What is the remainder when 26 is divided by k?
2
Suppose 46*w - 91*w + 2035 = -34*w. What is the remainder when w is divided by 82?
21
Suppose 2*v - 255 = -4*s - s, -v = 0. Suppose -2*p - 2*p = 44. Let k = p + s. What is the remainder when 198 is divided by k?
38
Let w be 3960/(-10) - (0 - 8). Let n = w + 923. What is the remainder when n is divided by 49?
45
Let r(s) = 3*s**3 - 5*s**2 - 2*s + 6. Let p(m) = -31*m**2 + 2266*m - 205. Calculate the remainder when r(4) is divided by p(73).
12
Suppose 9*j + 122 = -13. Calculate the remainder when 120 is divided by (-95)/j + 4/6.
1
Let z(u) be the second derivative of -14*u**3/3 + u**2/2 + u. Calculate the remainder when z(-4) is divided by (15365/55)/7 - 1730/1903.
35
Suppose 3*f - v - 32 = 0, -2*v - 3*v - 16 = -3*f. Suppose -246 = 10*w - f*w. Let l = w + -58. What is the remainder when l is divided by 25?
15
Suppose 41*a = 84*a + 62*a - 7035. Let q = -67 + 325. Calculate the remainder when q is divided by a.
57
Let n(l) = -4*l**2 + l + 137. Let w be -1 - (15/(-1) + 0/(-5)). Suppose -w*r = -10*r. Calculate the remainder when n(r) is divided by 35.
32
Let w(t) = -2*t**2 + 3*t + 6. Let i be w(6). Let m = 12 - 45. Let p = m - i. What is the remainder when p is divided by 3?
0
Let u = 447 + 2203. What is the remainder when u is divided by 52?
50
Let v(b) = b**3 - 17*b**2 + 3. Let t be v(17). Suppose -5*o = t*n - 15, n = o - 0*o + 5. Calculate the remainder when (99/n)/3 - 22/(-55) is divided by 5.
2
Let r(x) = -x**2 + 32*x - 90. Let p be r(30). Let y = p + 191. What is the remainder when y is divided by 83?
78
Suppose -g + 3 = -11. Let q(h) = h**2 + 4*h + 56. Let k be ((-24)/(-2))/(-2) + 0/4. What is the remainder when q(k) is divided by g?
12
Let w(z) = 75*z - 228. Let d be w(3). Suppose 4*m = -2 + 10. What is the remainder when 32 is divided by d - (105/10)/(m/(-4))?
14
Let j = 27 + 9. Let u = 1945 - 2948. Let i = 1074 + u. Calculate the remainder when i is divided by j.
35
Suppose 4*x - 3*d + 1461 = 0, 4*x + 896 + 566 = 2*d. Let r = 449 + x. Calculate the remainder when r is divided by 28.
27
Let j(h) = -2*h + 43. Calculate the remainder when 7 + (3509/33 - (-4)/6) is divided by j(15).
10
Suppose -22*k = -25*k - 24, 0 = 5*g - 5*k - 38905. What is the remainder when g is divided by 597?
12
Let t = 1812 + -1776. Calculate the remainder when 322 is divided by t.
34
Let j = 540 - 532. Suppose 0 = 18*x - 317 - 205. What is the remainder when x is divided by j?
5
Suppose 1731 + 1324 = 13*k. Suppose 3*o - k = 9*m - 4*m, -2*o + 115 = 5*m. What is the remainder when 907 is divided by o?
67
Suppose -17239 - 8887 = -280*f - 4286. What is the remainder when 1205 is divided by f?
35
Suppose -8*j + 336 = 13*j. Supp